factor of 2513 and 1589?
7
What is the highest common divisor of 1259530 and 680?
170
Calculate the highest common factor of 132 and 33726.
66
What is the greatest common divisor of 4075109 and 116?
29
Calculate the greatest common divisor of 187792 and 176.
176
What is the highest common factor of 24 and 9874?
2
What is the greatest common divisor of 1591 and 38887?
37
What is the greatest common factor of 9896 and 488?
8
Calculate the greatest common factor of 3 and 1820484.
3
What is the greatest common factor of 345 and 4470?
15
What is the highest common divisor of 239358 and 4592?
574
What is the highest common factor of 8 and 16116424?
8
What is the highest common divisor of 6832 and 3896?
8
What is the greatest common factor of 3363 and 76?
19
What is the highest common factor of 4690 and 4060?
70
What is the highest common factor of 111 and 331039?
37
Calculate the greatest common divisor of 3 and 4812429.
3
What is the highest common divisor of 539 and 209?
11
Calculate the greatest common factor of 10 and 198130.
10
Calculate the highest common divisor of 43359 and 35502.
291
Calculate the highest common factor of 8395 and 6205.
365
Calculate the highest common factor of 728 and 129304.
56
Calculate the highest common factor of 308 and 399322.
154
What is the greatest common factor of 1984 and 7?
1
Calculate the greatest common factor of 19546 and 8762.
674
Calculate the greatest common factor of 380720 and 50.
10
Calculate the greatest common factor of 120590 and 620.
310
Calculate the greatest common divisor of 78 and 2189746.
26
Calculate the highest common divisor of 76591 and 19649.
401
What is the greatest common factor of 226233 and 882?
441
What is the greatest common divisor of 26 and 123019?
13
What is the greatest common factor of 699612 and 2696?
1348
Calculate the highest common divisor of 189 and 617589.
63
What is the highest common divisor of 5264 and 133?
7
Calculate the greatest common factor of 70224 and 16.
16
Calculate the greatest common divisor of 671 and 21472.
671
What is the greatest common factor of 127 and 541909?
127
Calculate the highest common factor of 76 and 1499024.
76
Calculate the greatest common factor of 6688 and 440.
88
What is the greatest common factor of 48070 and 33212?
874
What is the highest common divisor of 320820 and 135?
15
Calculate the greatest common factor of 1290 and 9990.
30
What is the greatest common divisor of 1453359 and 2868?
717
What is the greatest common divisor of 7491 and 27240?
681
What is the highest common factor of 205 and 234356?
41
What is the greatest common divisor of 56 and 6454?
14
What is the greatest common divisor of 56 and 1509256?
56
Calculate the greatest common divisor of 35328 and 106536.
552
Calculate the highest common divisor of 21288 and 606.
6
What is the highest common divisor of 894615 and 3870?
645
What is the greatest common factor of 12 and 12048?
12
Calculate the greatest common divisor of 24564 and 2581.
89
What is the highest common factor of 1296 and 54576?
144
What is the greatest common factor of 196931 and 49?
49
What is the highest common factor of 6 and 3347892?
6
Calculate the highest common divisor of 107805 and 30.
15
Calculate the greatest common divisor of 53387 and 591.
197
Calculate the highest common divisor of 286 and 4939.
11
What is the highest common divisor of 38 and 95437?
19
Calculate the greatest common factor of 9951 and 963.
321
What is the greatest common factor of 64108 and 62?
62
What is the highest common factor of 102621 and 3031?
433
Calculate the greatest common divisor of 6 and 15429.
3
What is the greatest common divisor of 7293 and 5423?
187
What is the highest common divisor of 42 and 44961?
21
What is the highest common divisor of 4794 and 588863?
799
What is the greatest common factor of 11775 and 1575?
75
What is the highest common divisor of 21 and 177?
3
Calculate the highest common divisor of 18998 and 1610.
322
What is the greatest common factor of 36714 and 348?
174
What is the highest common factor of 5370 and 6230?
10
Calculate the greatest common divisor of 15341 and 159413.
667
What is the highest common divisor of 3 and 22158?
3
Calculate the greatest common factor of 414 and 2921391.
207
Calculate the greatest common divisor of 4 and 6436.
4
What is the highest common factor of 704 and 18260?
44
Calculate the highest common divisor of 2590 and 11011385.
1295
What is the greatest common factor of 856 and 3103?
107
Calculate the greatest common factor of 10388 and 616.
28
Calculate the greatest common factor of 6490 and 3520.
110
What is the greatest common divisor of 170665 and 110?
55
What is the greatest common factor of 65 and 46085?
65
What is the highest common factor of 118 and 900281?
59
What is the highest common factor of 10 and 18118180?
10
What is the greatest common factor of 101871 and 2673?
297
Calculate the greatest common divisor of 37791 and 1530.
153
What is the greatest common divisor of 1824 and 2216?
8
What is the highest common divisor of 749601 and 27?
27
What is the highest common divisor of 539545 and 1305?
145
What is the highest common divisor of 450 and 8920?
10
Calculate the highest common divisor of 704384 and 704.
64
Calculate the highest common divisor of 1486 and 76.
2
Calculate the highest common factor of 2559511 and 87.
29
What is the highest common divisor of 53664 and 18096?
624
Calculate the highest common factor of 54 and 931878.
54
Calculate the greatest common factor of 375 and 575.
25
Calculate the greatest common divisor of 438 and 1679.
73
Calculate the highest common factor of 6958 and 2911.
71
What is the highest common factor of 54 and 578628?
18
What is the greatest common factor of 864 and 23904?
288
Calculate the highest common divisor of 175 and 3325.
175
What is the greatest common divisor of 30870 and 180?
90
What is the greatest common factor of 169345 and 385?
55
What is the highest common factor of 439416 and 748?
68
Calculate the greatest common factor of 4047 and 4674.
57
Calculate the greatest common factor of 8869 and 10317.
181
What is the highest common factor of 14529 and 174?
87
Calculate the highest common factor of 9585 and 4185.
135
Calculate the highest common divisor of 3285 and 292.
73
Calculate the greatest common factor of 275 and 649.
11
Calculate the highest common divisor of 297 and 119801.
11
Calculate the highest common factor of 177420 and 32.
4
What is the greatest common factor of 750 and 21090?
30
What is the highest common factor of 105 and 439593?
21
Calculate the highest common divisor of 4628 and 124.
4
Calculate the highest common factor of 43523 and 142.
71
What is the highest common divisor of 2883 and 744?
93
Calculate the greatest common factor of 1406 and 2037997.
703
What is the highest common factor of 2278126 and 127?
127
Calculate the highest common factor of 433 and 2243.
1
Calculate the greatest common divisor of 1573 and 2236.
13
What is the greatest common factor of 24 and 3879800?
8
Calculate the greatest common factor of 91010 and 6080.
190
Calculate the greatest common divisor of 4880 and 160320.
80
What is the highest common divisor of 2316 and 324?
12
What is the greatest common factor of 15 and 41955?
15
Calculate the greatest common divisor of 2118 and 468.
6
What is the highest common divisor of 835533 and 3?
3
What is the greatest common divisor of 8 and 2250?
2
What is the highest common divisor of 2160 and 690?
30
What is the greatest common factor of 336 and 1974?
42
Calculate the greatest common factor of 42978 and 5742.
174
What is the highest common divisor of 89166 and 1386?
462
Calculate the greatest common factor of 3092 and 76.
4
What is the greatest common factor of 534 and 28124?
178
What is the highest common factor of 1024 and 28096?
64
What is the highest common factor of 1029 and 4629?
3
Calculate the greatest common factor of 4795 and 1627423.
959
What is the greatest common divisor of 447 and 628333?
149
What is the highest common divisor of 217485 and 27?
27
Calculate the greatest common divisor of 906 and 78.
6
What is the highest common factor of 354155 and 965?
965
Calculate the greatest common divisor of 2688 and 3255.
21
What is the highest common divisor 